pose 121403 + 101006 = 27*b + 1009. What is the units digit of b?
0
Let z = 7961 + -3473. What is the tens digit of z?
8
Let t = -12 - -16. Let g be 3 + 0/t + 1. Suppose -g*w - 4*m + 408 = -0*m, 5*w - 518 = -m. What is the hundreds digit of w?
1
Let r(t) = -1132*t - 3152. What is the tens digit of r(-25)?
4
Let p be -771 - ((-80)/(-30))/(8/(-12)). Let q = 2326 + p. What is the hundreds digit of q?
5
Suppose -1449 = 7*x - 4837. Let i = -230 + x. Let b = -139 + i. What is the tens digit of b?
1
Suppose 4 + 0 = 2*g - 4*v, -3*v + 12 = g. Let a = -316 - -519. Suppose 0 = g*b + b - a. What is the units digit of b?
9
Suppose -3*n + 73 = 4*r + 366, 2*n = 3*r - 184. Let j = -56 - n. Let k = j + -27. What is the tens digit of k?
1
Let j(a) = 312*a - 1851. What is the thousands digit of j(76)?
1
Let f(c) = c**3 - c**2 + 276. Let w be f(0). Suppose -5*b + 84 + w = 0. Suppose o - 4*g = b, 0*g + 2*g + 162 = 2*o. What is the units digit of o?
4
Let q be (-5 - -11)/(-2 + 0) - -6. Suppose 2*w - q*w + 471 = a, 1902 = 4*a - 5*w. What is the tens digit of a?
7
Let w = -92 - -94. Let v(i) = w*i**3 - 3*i**2 + 5*i**2 + 9*i**2 - i**3 + 2*i. What is the tens digit of v(-10)?
8
Let k be (0/421)/(0 + -1 + -1). Let j(q) = 5 + 58 + 0*q - 8*q. What is the units digit of j(k)?
3
What is the tens digit of 16434/2241 - (-316696)/6?
9
Let h be (-1940)/6*(-72)/(-48). Let d = h + 775. What is the units digit of d?
0
Let z(g) = 130*g**3 - 19*g**2 + 94*g + 4. What is the thousands digit of z(4)?
8
Let r be (135/(-2))/(6/(-8)). Suppose 88*z - r*z = -220. What is the hundreds digit of z?
1
Let s be 6/(-10) + -7 + 219/15. Let p = s + 275. What is the units digit of p?
2
Suppose -44*g + 47*g = 228. Suppose 0 = 40*r - 44*r + g. Suppose -r*b + 18*b = -97. What is the tens digit of b?
9
Let s(t) = -22*t - 136. Let p be s(-7). Suppose -p*k = -22*k + 2152. What is the units digit of k?
8
Let p = 115992 + -79631. What is the ten thousands digit of p?
3
Suppose -2*s - 14 = -22. Let t be 1/(-4*s/(-240)). Suppose z = -t + 17. What is the units digit of z?
2
Suppose 0 = -2*j + 10, -4*j + 4 + 12 = -2*m. Suppose 250 + 607 = 3*g + 2*h, 877 = 3*g - m*h. What is the units digit of g?
9
Let j be 7*(-8)/20*-20. Let h = -49 + 28. Let x = j + h. What is the tens digit of x?
3
Suppose 3*j = 3*d + 2*d + 13, 5*j = -d + 59. Suppose -j*x - 50 = -13*x. Suppose 129 = 2*v + x. What is the units digit of v?
2
Let c(t) = -57*t + 2097. What is the tens digit of c(-64)?
4
Suppose 3*s + 20 = -k, -4 = -0*s + 2*s - 4*k. What is the units digit of ((-6587)/14)/(-1 + (-3)/s)?
1
What is the units digit of 54/243 + (-71440)/(-9) + -1?
7
Suppose -200*y + 20 = -198*y. Suppose -s - 7*q + 687 = -y*q, 0 = -s - 4*q + 659. What is the tens digit of s?
7
Let i be ((5 - 3)*-1)/((-2)/1). Let o(g) = 85*g**3 + 2*g - 2. Let v be o(i). What is the units digit of ((-8)/(-4) + 0)/(2/v)?
5
Suppose 2*c - 25197 = -n, 6*c = 40*n - 45*n + 125969. What is the tens digit of n?
8
Let y(l) = -139*l + 103. Let a(p) = 279*p - 208. Let t(n) = -3*a(n) - 7*y(n). What is the units digit of t(2)?
5
Suppose 5*d = 3*m - 96, 0 = 3*d + 6*m - 7*m + 56. Let q be (-9)/(-1) - (-15 - d). Suppose -1251 = -q*n - 27. What is the tens digit of n?
0
Suppose 21*u - 23*u = -4. Suppose u*m + 5*d = 104, -3*d + d = 2*m - 116. Suppose -2*h - h = -p - m, -2*h + 3*p + 32 = 0. What is the units digit of h?
2
Let q(v) = 49*v**2 - 17*v + 23. What is the hundreds digit of q(14)?
3
Let i(p) = 10*p + 91. Let z be i(-9). What is the hundreds digit of z/(((-484)/96 + 5)/(-29))?
6
Let c(f) = f**2 + 3*f - 28. Let b = 28 + -17. What is the tens digit of c(b)?
2
What is the hundreds digit of 57940/22 + (624/143 - 4)?
6
Suppose j + 4*y = -26, 8*y = 3*y - 25. Let b = j + 9. Suppose 4*v - 188 = -b*t, 195 = 3*t - 2*v - v. What is the units digit of t?
4
Let h(j) = -590*j + 596*j - 20 - 24. Let y = -21 - -37. What is the units digit of h(y)?
2
Let g(c) = 18*c**2 - 45*c - 50. What is the tens digit of g(7)?
1
Let s = -838 - -3531. What is the thousands digit of s?
2
Let w(c) = c**3 + 8*c**2 - c - 3. Let s be w(-8). Let g be s + -1 + 2*-10. What is the tens digit of 3*(g/(-24))/((-1)/(-18))?
3
Suppose 4*o = -a - 8269 + 34475, 2*o - 13092 = 5*a. What is the tens digit of o?
5
Let y(c) = 171*c**2 - 180*c + 1. What is the tens digit of y(7)?
2
Suppose -27*i + 23*i = -24. Let p be (1 + 0)/(((-5)/i)/(-5)). Suppose -4*q + 110 - p = 0. What is the tens digit of q?
2
Suppose l - 11 = -2*r, 7 = -r - 6*l + 8*l. Let v(p) = -1. Let o(k) = 6*k**2 + 6*k - 3. Let u(x) = o(x) + 4*v(x). What is the tens digit of u(r)?
6
What is the hundreds digit of 22*(-15)/(-660) + 3325/2?
6
Suppose 177292*a = 177288*a + 121968. What is the tens digit of a?
9
Let c = 154 - -36. Suppose -i + 66 = -c. What is the tens digit of i?
5
Let i = -7076 + 13812. What is the tens digit of i?
3
Let m(r) = 7 + 85*r**2 - 6 - 73*r**2 + 3*r. What is the hundreds digit of m(-8)?
7
Let g = -2406 + 45966. What is the tens digit of g?
6
Suppose 2*t - 4*b = -34 - 34, 5*t - 3*b = -149. Let p = -24 - t. Suppose f - p*f + 213 = 0. What is the tens digit of f?
7
Let a(i) = i**3 + 14*i**2 + 23*i + 14. Let f be a(-10). What is the hundreds digit of (f/(-24) + 5)/(2/(-207))?
2
Suppose -65*n - 5038 + 243840 = -212168. What is the thousands digit of n?
6
Let p(n) = n**2 + 37 - 19 - 2*n**2 + 50 + 31*n + 3. What is the units digit of p(30)?
1
Let o = 11225 + -11218. Let f(p) be the first derivative of p**4/4 - 4*p**3/3 - 7*p**2/2 + 9*p + 1. What is the hundreds digit of f(o)?
1
Let y = 318 + -345. What is the hundreds digit of (6696/y)/(-2 - 0)?
1
Let f(c) = -83*c + 7. Let y(n) = n**2 - 11*n - 84. Let l be y(16). What is the tens digit of f(l)?
3
Suppose -36 = -2*v - 2*v - 5*q, -v - 3*q + 16 = 0. Suppose 5*k + v*a - 152 = 125, -2*k - 4*a + 118 = 0. What is the tens digit of k?
5
Let f = 35984 + 927. What is the hundreds digit of f?
9
Suppose 3*m = 3*i - 1673 + 431, i - 3*m = 406. Let h = i - -1107. What is the units digit of h?
5
Let x(i) = i + 9. Let h be x(-15). Let k(b) = 9*b**2 + 8*b + 2. Let u be k(h). Suppose 5*n - u = -2*v, -2*n - n + 178 = 4*v. What is the tens digit of n?
5
Suppose -4*z - 4*m + 12 = 0, -5*z + 7*m - 15 = 2*m. Let x(b) = -b**2 + 94 - b + 241 - 147. What is the tens digit of x(z)?
8
Suppose 6*o = o + 20. Let k(p) = -4*p**2 - 21*p - 7. Let b be k(-2). Suppose o*j = -3*m + 28, -5*m - 1 = b. What is the tens digit of j?
1
Let g(v) = 7*v - 24. Let k be g(6). Let w(q) = -4*q + k*q**2 + 6*q**2 - 1 - 19*q**2. What is the units digit of w(-5)?
4
Let y(n) = n**3 + 59*n**2 - 41*n + 33. What is the hundreds digit of y(-52)?
0
Suppose -333*w - 1860 = -329*w. Let q = -103 - w. What is the units digit of q?
2
Let y be ((-2)/4)/(1/(-10)). Let b(t) = -3 - 558*t + 15 + 608*t - 2 + 0. What is the hundreds digit of b(y)?
2
Let n = 17713 + -12344. What is the tens digit of n?
6
Let l be ((-2)/5)/((-40)/100). Let o(u) = -5*u + 1. Let r be o(l). What is the units digit of (10 - 2)*(-22)/r?
4
Let i(m) = -8*m**3 + 8*m + 17 - 3*m + 200*m**2 - 223*m**2. What is the tens digit of i(-4)?
4
Let s be (-85)/10 + (-6)/(-12). What is the hundreds digit of (-8)/(-64) - 5303/s?
6
Let m(p) = p**3 - 4*p**2 + 3. Let a be m(3). What is the units digit of (4/a)/(-7 - (-427)/63)?
3
Let m = -1547 + 9599. What is the hundreds digit of m?
0
Let j(v) = 262*v**2 - 84*v - 10. What is the thousands digit of j(-4)?
4
Let z(y) = -4*y**2 + 10*y + 11. Let o be z(3). Let v = -6 - -11. Suppose -2*s + 554 = v*a, 4*s + o = 13. What is the units digit of a?
0
Suppose -70224 = 24*q - 194400. What is the tens digit of q?
7
Let r = 1007 - 1025. Let a(s) = -50*s - 292. What is the units digit of a(r)?
8
What is the hundreds digit of 6*15/675 + (1722729/45 - -2)?
2
Let f(w) be the third derivative of -15*w**2 + 0 + 0*w - 1/60*w**5 - 23/24*w**4 + 19/6*w**3. What is the hundreds digit of f(-9)?
1
Let n = -317 - -423. Suppose -89*r = -n*r + 13124. What is the units digit of r?
2
Let y = 82357 + -54837. What is the tens digit of y?
2
Let q(s) = 16*s - 8. Let z(k) = 2*k + 62. Let x be z(-20). Let m be 2/3*495/x. What is the hundreds digit of q(m)?
2
Suppose 3*g - 226*f = -224*f + 26422, -5*g + 44037 = -3*f. What is the tens digit of g?
0
Let j be (72/(-27))/((-6)/(-1467)). Let b = 966 + j. What